{"id":79844,"date":"2024-10-23T18:43:56","date_gmt":"2024-10-23T16:43:56","guid":{"rendered":"https:\/\/taigua.cat\/?page_id=79844"},"modified":"2024-10-23T18:51:23","modified_gmt":"2024-10-23T16:51:23","slug":"designacion-del-delegado-de-proteccion-de-datos-de-taigua","status":"publish","type":"page","link":"https:\/\/taigua.cat\/es\/designacion-del-delegado-de-proteccion-de-datos-de-taigua\/","title":{"rendered":"Designaci\u00f3n del Delegado de Protecci\u00f3n de Datos de TAIGUA"},"content":{"rendered":"\t\t<div data-elementor-type=\"wp-page\" data-elementor-id=\"79844\" class=\"elementor elementor-79844\" data-elementor-post-type=\"page\">\n\t\t\t\t\t\t<section class=\"elementor-section elementor-top-section elementor-element elementor-element-6b3eadad elementor-section-boxed elementor-section-height-default elementor-section-height-default\" data-id=\"6b3eadad\" data-element_type=\"section\" data-e-type=\"section\">\n\t\t\t\t\t\t<div class=\"elementor-container elementor-column-gap-default\">\n\t\t\t\t\t<div class=\"elementor-column elementor-col-100 elementor-top-column elementor-element elementor-element-4fe0a4ca\" data-id=\"4fe0a4ca\" data-element_type=\"column\" data-e-type=\"column\">\n\t\t\t<div class=\"elementor-widget-wrap elementor-element-populated\">\n\t\t\t\t\t\t<div class=\"elementor-element elementor-element-561bbbf2 elementor-widget elementor-widget-text-editor\" data-id=\"561bbbf2\" data-element_type=\"widget\" data-e-type=\"widget\" data-widget_type=\"text-editor.default\">\n\t\t\t\t<div class=\"elementor-widget-container\">\n\t\t\t\t\t\t\t\t\t\n<p>Teniendo en cuenta la necesidad de adecuar las actuaciones de <strong>TERRASSA CICLE DE L\u2019AIGUA EPEL \u201cTAIGUA\u201d<\/strong> en materia de protecci\u00f3n de datos de car\u00e1cter personal al cumplimiento de la legislaci\u00f3n prevista en el Reglamento General de Protecci\u00f3n de Datos (2016\/679) y La Ley Org\u00e1nica de Protecci\u00f3n de Datos y Garant\u00eda de los Derechos Digitales (3\/2018).<\/p>\n\n<p>Y siendo la voluntad de <strong>TERRASSA CICLE DE L\u2019AIGUA EPEL \u201cTAIGUA\u201d<\/strong> la designaci\u00f3n de un Delegado de protecci\u00f3n de Datos,<\/p>\n\n<p>SE ACUERDA:<\/p>\n\n<p>1. La designaci\u00f3n de un Delegado de Protecci\u00f3n de Datos externo a la organizaci\u00f3n para realizar las funciones de acuerdo con el art\u00edculo 39 del Reglamento (UE) 2016\/679, relativo a la protecci\u00f3n de las personas f\u00edsicas en relaci\u00f3n con el tratamiento de datos personales ya la libre circulaci\u00f3n de estos datos y Art\u00edculo 36 y 37 de la Ley Org\u00e1nica 3\/2018 de protecci\u00f3n de datos y garant\u00eda de los derechos digitales, atendiendo a sus cualidades profesionales y, especialmente a los conocimientos especializados en derecho, en la pr\u00e1ctica en materia de protecci\u00f3n de datos y en la capacidad de desempe\u00f1ar sus funciones.<\/p>\n\n<p>2. Designar a <strong>JORDI BACARIA MARTRUS,<\/strong> con DNI XXXXXXX como Delegado de Protecci\u00f3n de Datos de <strong>TERRASSA CICLE DE L\u2019AIGUA EPEL \u201cTAIGUA\u201d<\/strong>\u00a0<\/p>\n\n<p>3. Que el Delegado de Protecci\u00f3n de Datos ejercer\u00e1 las siguientes funciones de asesoramiento y supervisi\u00f3n:<\/p>\n\n<p>1)\u00a0\u00a0\u00a0 Informar y asesorar al Responsable o Encargado sobre las obligaciones que establece el nuevo Reglamento.<\/p>\n\n<p>2)\u00a0\u00a0\u00a0 Supervisar la capacitaci\u00f3n del personal involucrado en el Tratamiento de datos personales<\/p>\n\n<p>3)\u00a0\u00a0\u00a0 Garantizar la protecci\u00f3n de datos por dise\u00f1o y por defecto.<\/p>\n\n<p>4)\u00a0\u00a0\u00a0 Prestar ayuda respecto a la atenci\u00f3n de las solicitudes de ejercicio de derechos por parte de los afectados<\/p>\n\n<p>5) \u00a0\u00a0 Ofrecer el asesoramiento que se le solicite sobre la Evaluaci\u00f3n de impacto relativa a la protecci\u00f3n de datos y supervisar su aplicaci\u00f3n.<\/p>\n\n<p>6) \u00a0\u00a0 Actuar como punto de contacto con la Autoridad de control y controlar las respuestas que se le ofrezcan, as\u00ed como colaborar con \u00e9sta dentro de sus competencias, aqu\u00ed La Agencia Espa\u00f1ola de Protecci\u00f3n de Datos o en el su caso con la Agencia de Protecci\u00f3n de Datos de la Comunidad aut\u00f3noma correspondiente.<\/p>\n\n<p>7) \u00a0\u00a0 Impulsar y promover las buenas pr\u00e1cticas, la formaci\u00f3n, educaci\u00f3n y concienciaci\u00f3n en protecci\u00f3n de datos<\/p>\n\n<p>Firmado electr\u00f3nicamente por la gerencia de TAIGUA.<\/p>\n\t\t\t\t\t\t\t\t<\/div>\n\t\t\t\t<\/div>\n\t\t\t\t\t<\/div>\n\t\t<\/div>\n\t\t\t\t\t<\/div>\n\t\t<\/section>\n\t\t\t\t<\/div>\n\t\t","protected":false},"excerpt":{"rendered":"<p>Teniendo en cuenta la necesidad de adecuar las actuaciones de TERRASSA CICLE DE L\u2019AIGUA EPEL \u201cTAIGUA\u201d en materia de protecci\u00f3n de datos de car\u00e1cter personal al cumplimiento de la legislaci\u00f3n prevista en el Reglamento General de Protecci\u00f3n de Datos (2016\/679) y La Ley Org\u00e1nica de Protecci\u00f3n de Datos y Garant\u00eda de los Derechos Digitales (3\/2018). [&hellip;]<\/p>\n","protected":false},"author":9,"featured_media":0,"parent":0,"menu_order":0,"comment_status":"closed","ping_status":"closed","template":"","meta":{"_acf_changed":false,"footnotes":""},"class_list":["post-79844","page","type-page","status-publish","hentry"],"acf":[],"aioseo_notices":[],"_links":{"self":[{"href":"https:\/\/taigua.cat\/es\/wp-json\/wp\/v2\/pages\/79844","targetHints":{"allow":["GET"]}}],"collection":[{"href":"https:\/\/taigua.cat\/es\/wp-json\/wp\/v2\/pages"}],"about":[{"href":"https:\/\/taigua.cat\/es\/wp-json\/wp\/v2\/types\/page"}],"author":[{"embeddable":true,"href":"https:\/\/taigua.cat\/es\/wp-json\/wp\/v2\/users\/9"}],"replies":[{"embeddable":true,"href":"https:\/\/taigua.cat\/es\/wp-json\/wp\/v2\/comments?post=79844"}],"version-history":[{"count":0,"href":"https:\/\/taigua.cat\/es\/wp-json\/wp\/v2\/pages\/79844\/revisions"}],"wp:attachment":[{"href":"https:\/\/taigua.cat\/es\/wp-json\/wp\/v2\/media?parent=79844"}],"curies":[{"name":"wp","href":"https:\/\/api.w.org\/{rel}","templated":true}]}}

Designación del Delegado de Protección de Datos de TAIGUA

<div data-elementor-type="wp-page" data-elementor-id="79844" class="elementor elementor-79844" data-elementor-post-type="page">
						<section class="elementor-section elementor-top-section elementor-element elementor-element-6b3eadad elementor-section-boxed elementor-section-height-default elementor-section-height-default" data-id="6b3eadad" data-element_type="section" data-e-type="section">
						<div class="elementor-container elementor-column-gap-default">
					<div class="elementor-column elementor-col-100 elementor-top-column elementor-element elementor-element-4fe0a4ca" data-id="4fe0a4ca" data-element_type="column" data-e-type="column">
			<div class="elementor-widget-wrap elementor-element-populated">
						<div class="elementor-element elementor-element-561bbbf2 elementor-widget elementor-widget-text-editor" data-id="561bbbf2" data-element_type="widget" data-e-type="widget" data-widget_type="text-editor.default">
				<div class="elementor-widget-container">
									
<p>Teniendo en cuenta la necesidad de adecuar las actuaciones de <strong>TERRASSA CICLE DE L’AIGUA EPEL “TAIGUA”</strong> en materia de protección de datos de carácter personal al cumplimiento de la legislación prevista en el Reglamento General de Protección de Datos (2016/679) y La Ley Orgánica de Protección de Datos y Garantía de los Derechos Digitales (3/2018).</p>

<p>Y siendo la voluntad de <strong>TERRASSA CICLE DE L’AIGUA EPEL “TAIGUA”</strong> la designación de un Delegado de protección de Datos,</p>

<p>SE ACUERDA:</p>

<p>1. La designación de un Delegado de Protección de Datos externo a la organización para realizar las funciones de acuerdo con el artículo 39 del Reglamento (UE) 2016/679, relativo a la protección de las personas físicas en relación con el tratamiento de datos personales ya la libre circulación de estos datos y Artículo 36 y 37 de la Ley Orgánica 3/2018 de protección de datos y garantía de los derechos digitales, atendiendo a sus cualidades profesionales y, especialmente a los conocimientos especializados en derecho, en la práctica en materia de protección de datos y en la capacidad de desempeñar sus funciones.</p>

<p>2. Designar a <strong>JORDI BACARIA MARTRUS,</strong> con DNI XXXXXXX como Delegado de Protección de Datos de <strong>TERRASSA CICLE DE L’AIGUA EPEL “TAIGUA”</strong> </p>

<p>3. Que el Delegado de Protección de Datos ejercerá las siguientes funciones de asesoramiento y supervisión:</p>

<p>1)    Informar y asesorar al Responsable o Encargado sobre las obligaciones que establece el nuevo Reglamento.</p>

<p>2)    Supervisar la capacitación del personal involucrado en el Tratamiento de datos personales</p>

<p>3)    Garantizar la protección de datos por diseño y por defecto.</p>

<p>4)    Prestar ayuda respecto a la atención de las solicitudes de ejercicio de derechos por parte de los afectados</p>

<p>5)    Ofrecer el asesoramiento que se le solicite sobre la Evaluación de impacto relativa a la protección de datos y supervisar su aplicación.</p>

<p>6)    Actuar como punto de contacto con la Autoridad de control y controlar las respuestas que se le ofrezcan, así como colaborar con ésta dentro de sus competencias, aquí La Agencia Española de Protección de Datos o en el su caso con la Agencia de Protección de Datos de la Comunidad autónoma correspondiente.</p>

<p>7)    Impulsar y promover las buenas prácticas, la formación, educación y concienciación en protección de datos</p>

<p>Firmado electrónicamente por la gerencia de TAIGUA.</p>
								</div>
				</div>
					</div>
		</div>
					</div>
		</section>
				</div>

<p>Teniendo en cuenta la necesidad de adecuar las actuaciones de TERRASSA CICLE DE L’AIGUA EPEL “TAIGUA” en materia de protección de datos de carácter personal al cumplimiento de la legislación prevista en el Reglamento General de Protección de Datos (2016/679) y La Ley Orgánica de Protección de Datos y Garantía de los Derechos Digitales (3/2018). [&hellip;]</p>
